t is the units digit of n?
8
Let v(a) = 19*a + 1. What is the tens digit of v(2)?
3
What is the units digit of (0/(-4) - -1)*24?
4
Let y(q) = 4*q**2 + 12*q - 11*q**3 + 10*q**3 + 6*q**2 + 5. What is the tens digit of y(11)?
1
What is the units digit of (-4)/10 + 62/5 + 3?
5
Let f(o) = 4*o**2 - 3*o**2 + 3*o + o + 5 - 4. What is the units digit of f(-4)?
1
Let p = -33 - -62. What is the tens digit of p?
2
Suppose -2*m + 0 = 2, -2*m - 98 = -4*q. What is the units digit of q?
4
Let g(f) = f**3 + 8*f**2. Let n be g(-8). Suppose n*z = 5*z + 40. Let s = z - -10. What is the units digit of s?
2
Let a(f) = -f**3 - 12*f**2 + 7*f - 15. What is the units digit of a(-13)?
3
Let q(b) = -2*b**3 - 4*b**2 - 2*b + 2. Let d = 7 + -5. Suppose -3*w - 5*l + 7 = -d, w - l = -5. What is the units digit of q(w)?
6
Suppose -5*z = -2 - 98. What is the units digit of (-30)/z*50/(-3)?
5
Let r(m) = m**3 + 5*m**2 + m + 5. Let y be r(-5). Suppose y*z = -4*z + 20. What is the units digit of z?
5
What is the units digit of (-334)/5*85/(-34)?
7
Let y(z) = z. Let s be y(6). What is the units digit of s/(-24) + (-101)/(-4)?
5
Suppose 20 = 18*f - 14*f. What is the units digit of f?
5
Suppose 11*b = 6*b - 300. Let p = -15 - b. What is the units digit of p?
5
Let m(b) = -4*b - 4. Let p(q) = -q. Let x(o) = -m(o) + 5*p(o). Let w be x(2). Let u(k) = 2*k**2 - 2*k + 1. What is the units digit of u(w)?
5
Let q be (-9 + 1)*21/(-14). Let v be (q + -1 + -1)/1. What is the units digit of 102/30 - 4/v?
3
Suppose 12*n - 15*n = -51. What is the tens digit of n?
1
Suppose t + 4 - 24 = 0. Let n = t - 14. What is the units digit of n?
6
What is the units digit of (-28)/(-4 - -1 - -1)?
4
Let w(g) = 53*g - 18. Let v(p) = -35*p + 12. Let a(x) = -8*v(x) - 5*w(x). Let t be a(4). Let k = t - 38. What is the tens digit of k?
1
Suppose 5*j - q - 407 = 0, -j + 5*q + 0*q = -91. What is the units digit of j?
1
Let s = -12 - -8. Let y = -4 - s. Suppose 0 = -4*p - g + 67, p + y*g - 3*g - 20 = 0. What is the units digit of p?
7
What is the tens digit of (0 - 12)*2*(-3 + -3)?
4
Let y(h) be the second derivative of -h**6/15 - h**5/60 - h**4/24 - 3*h**2/2 - 2*h. Let n(l) be the first derivative of y(l). What is the units digit of n(-1)?
8
What is the tens digit of ((-27)/(-12))/((-1)/(-28))?
6
Let z be 1*(0/4 + 0). Suppose -d + 19 - 5 = z. What is the tens digit of d?
1
What is the hundreds digit of (177/(-2))/((-4)/((-32)/(-6)))?
1
Suppose -5*k = -9*k + 36. What is the units digit of k?
9
Let f(j) = 8*j + 1. Let g be f(-1). Let l(z) = -2*z**2 - 6*z - 1. Let h(k) = -2*k**2 - 7*k - 1. Let d(s) = g*l(s) + 6*h(s). What is the units digit of d(1)?
3
Suppose 2*y - 3*x - 6 - 44 = 0, 0 = -x. What is the tens digit of y?
2
Suppose 3*f = -12, -2*w - w + 5*f + 566 = 0. What is the tens digit of w?
8
Let v(s) = -7*s - 2. What is the tens digit of v(-16)?
1
Let u = -46 + 85. What is the units digit of u?
9
Let m = -7 - -11. Suppose 20 = h + m*h. What is the units digit of h?
4
What is the tens digit of (2739/22)/(2/4)?
4
Let u be 3*(-5)/((-30)/(-4)). What is the units digit of (4 + u)*-1 + 4?
2
Suppose 0 = 4*f - f + 5*b - 42, f + 5*b - 14 = 0. Let x be (-2 + 1)/((-2)/(-10)). Let a = f + x. What is the units digit of a?
9
Let l = 382 + -548. What is the tens digit of (-8)/(-20) - l/10?
1
Let r(v) = -v**3 + 6*v**2 - 6*v + 5. Let f be r(5). Let i(s) = 3*s - 2*s + 0*s + 3 + f. What is the units digit of i(7)?
0
Suppose -6 = 2*b - v - 1, -8 = -b - 3*v. Let p = 1 - b. Let l = 6 - p. What is the units digit of l?
4
Let p = -20 - -44. Let g = -3 - -5. Suppose g*a + 22 = 4*r + 3*a, 3*r = 3*a + p. What is the units digit of r?
6
Let r(k) be the second derivative of 1/20*k**5 + 0 + k - 2/3*k**3 - k**2 + 1/6*k**4. What is the units digit of r(-3)?
1
Suppose -4*z - o = 3*o, o - 15 = -4*z. What is the units digit of z?
5
Let g = 15 + -10. What is the units digit of g?
5
Let y(p) = -7*p + 3. Let f(h) = -6*h + 2. Let k(w) = -6*f(w) + 5*y(w). Suppose t + 3*a - 3 = -4*t, -2*t - 6 = 3*a. What is the units digit of k(t)?
6
Suppose 64 = -f + 4*f + 5*q, q = 3*f - 34. What is the units digit of f?
3
Suppose -20 = -5*l + 3*l. What is the tens digit of l?
1
Let x(u) = -u**2 + 2*u + 7. What is the units digit of x(3)?
4
Let g(p) = 10*p + 8. Let c be g(9). What is the units digit of (-9)/(-6) + c/4?
6
Let j(y) = 2*y + 1. Let g be j(5). Suppose b + 0*b - 8 = 2*o, g = 4*b - o. Suppose w - b = -w. What is the units digit of w?
1
Let n = 24 + -13. What is the units digit of n?
1
Let c = 5 + -7. Let q be 11/1 - (0 + c). What is the tens digit of (-4 - -3) + q + 2?
1
Let v = 6 + -2. Suppose -3*z - 8 = v*w - 54, 3*z - 86 = 4*w. What is the units digit of z?
2
Suppose y + 10 = 6*y. Let d(c) = 3*c + 3 - 3 - 2. What is the units digit of d(y)?
4
Let b = 5 + -2. Let j be ((-33)/(-2))/b*2. Suppose -j - 1 = -3*c. What is the units digit of c?
4
Let r = 1 - -153. What is the units digit of r?
4
Suppose -37 = 2*l + 37. Let o = -13 - l. What is the units digit of o?
4
Let d = -1 + -3. Let r(i) = -i**3 - 3*i**2 + 12*i + 6. Let z(b) = -3*b**3 - 9*b**2 + 35*b + 18. Let h(p) = 17*r(p) - 6*z(p). What is the units digit of h(d)?
2
Let v = -14 - -19. Suppose -20 = -v*s + 25. What is the units digit of s?
9
Let x = 2 - -2. Let w = 5 + 8. Let a = w - x. What is the units digit of a?
9
Suppose -v + 0*l + 12 = 4*l, 3*v - l - 23 = 0. Suppose -v + 50 = 2*i. What is the units digit of i?
1
Suppose 2 + 6 = -4*z. Let f(u) = -3*u - 3. Let g be f(z). Let m(x) = x**2 - 3*x + 1. What is the units digit of m(g)?
1
Suppose 3*x + 11 = 41. Suppose 0 = 4*p - 9*p + x. Suppose -p*g = g - 6. What is the units digit of g?
2
What is the units digit of (-12)/16 - 38/(-8)?
4
Let c = -10 - -16. Suppose 5*n - 2 = 33. What is the units digit of (5 - -2)*c/n?
6
Let l(c) = -c**2 + 4*c + 1. Let p be l(3). Suppose -8 = 2*m - n - 33, 0 = -2*m - 5*n + 43. Suppose -10 = -p*b + m. What is the units digit of b?
6
Let o be -3 - -5 - (-3 - -1). Suppose 0*p - 4*p + o = 0. What is the units digit of p?
1
Suppose 2*z = 6 - 2. Suppose 15 = 5*f + 5*j - 10, -z*j = -3*f + 10. What is the units digit of f?
4
Let d(h) = -h**3 - 6*h**2 - 6*h - 3. Let k be d(-5). Suppose -5*o - 3*l - 65 = k*l, 3*l + 31 = -2*o. Let g = 3 - o. What is the units digit of g?
1
Let u = 2 - -1. Let q = u + -2. Let d(i) = 8*i**3 - 2*i + 1. What is the units digit of d(q)?
7
Suppose 0 = 2*f - 3*f + 3. Suppose -f*c - 1 = -10. Let d = c + -2. What is the units digit of d?
1
Let p be (-34)/4 - (-2)/(-4). Let h(r) = 31*r**2 + 2*r - 2. Let v(i) = -15*i**2 - i + 1. Let w(b) = p*v(b) - 4*h(b). What is the units digit of w(1)?
1
Let r = 118 + -199. What is the units digit of r/(-6) + (-6)/(-12)?
4
What is the tens digit of -3 - (-7 - -3) - -28?
2
Let r be (-10)/(-4)*(-5 - -7). Suppose 0 = 4*a + a + r. What is the units digit of 0/a - (-9)/3?
3
Let v be 2/12 + 2/(-12). Let k = 3 + v. What is the units digit of k?
3
Suppose -5*z + 12 = 3*f, 0 = 5*f - f - z - 16. Let n = -3 + f. Suppose 0 = 5*j + g - 4, -3*j - 2*g + n = 0. What is the units digit of j?
1
Suppose -5*c + 25 = 5*w, -2*c = -w - 6 - 1. Suppose -j = -s - 6*j + 7, c*s = -5*j + 28. Let b = 10 - s. What is the units digit of b?
3
Suppose 62 = 5*m + 17. Suppose 4*w - 85 = -m. What is the units digit of w?
9
Suppose 7*d = -236 + 726. What is the units digit of d?
0
Let i be 62/6 + (-2)/(-3). Let l = -41 + 61. Let a = l - i. What is the units digit of a?
9
Let z be (164/2)/(2/1). Suppose -z = -3*x + 5*b + 7, 24 = x + b. What is the tens digit of x?
2
Let p = 101 - 53. What is the tens digit of p?
4
Let m = -3 - -5. Suppose 2 = m*v - 0. What is the units digit of v?
1
Let k be -5*9*(-2)/(-1). Let b = k - -128. Let u = b - 25. What is the units digit of u?
3
What is the tens digit of 2*1/(-2) - -31?
3
Let j = 13 - 8. Suppose 19 + 41 = j*t. Let i(o) = o - 3. What is the units digit of i(t)?
9
What is the units digit of 97/4 - 18/(-24)?
5
Suppose -k - 2 = -b + 15, 73 = 4*b - 3*k. What is the units digit of b?
2
Let j(a) = a**3 - 10*a**2 + 11*a - 5. Let g = 17 + -8. What is the units digit of j(g)?
3
Suppose -d - 180 = -5*d. What is the units digit of d?
5
Let t be (-2 + -7)*1/(-3). Suppose -t = -3*r + 5*n - 14, 5*n + 1 = -3*r. What is the units digit of 4 + (1 - (-6)/r)?
2
Suppose -2*v - a = -0*v - 85, v 